v**2/2 + 16*v + 3. Let l be g(-2). What is the highest common divisor of l and 30?
10
Let x be ((-18)/(-8))/(84/19264). Let q = 607 - x. Calculate the greatest common factor of 7 and q.
7
Suppose -b = 25*b - 130. Suppose -u - b*y = 21, 0*y = -5*u - 4*y. Calculate the greatest common divisor of u and 14.
2
Let o(p) = 4*p**2 + 5*p + 6. Let h be o(-2). Suppose 17*i - h - 124 = 0. Calculate the greatest common factor of i and 128.
8
Let o(u) = 15*u + 52. Let i be o(-5). Let k = -3 - i. Let j be 217/42 - 2/12. Calculate the highest common divisor of k and j.
5
Suppose 2*h - t - 126 = 0, 6*t - 252 = -4*h + 5*t. Let f = -31 + h. Let i be 0 - 94/(-6) - (-10)/30. What is the greatest common factor of f and i?
16
Let h(d) = 11*d + 74. Let r be h(16). Suppose -415 - r = -35*t. Let v = 216 + 31. Calculate the greatest common factor of t and v.
19
Suppose -3*f + 8*f - 30 = 0. Let b(s) = -78*s**3 + s**2 + 3*s + 2. Let w be b(-1). Suppose f = 6*y - w. What is the greatest common factor of 98 and y?
14
Suppose -8*t - 10 = -3*t, 2*y - 5*t - 82 = 0. Suppose -372 + y = -21*h. What is the highest common divisor of h and 56?
8
Let l(v) = -3*v**3 + 47*v**2 - 16*v - 28. Let g be l(14). Calculate the highest common divisor of g and 546.
182
Let l = -198 + 257. Let k = l - -43. What is the greatest common divisor of k and 136?
34
Let g = -3 + 33. Let l(m) = 5*m - 27. Let b be l(6). Suppose 4*s - 20 = -r - 4, -b*r + 4*s + 64 = 0. What is the greatest common factor of r and g?
10
Let q = 121 + -107. Let o be (q/2 - 6) + 19. Calculate the greatest common factor of o and 4.
4
Let k be 0 + 142 + (-1 - 1). Suppose -7*h + 560 = k. Let b = -34 + 54. What is the greatest common divisor of h and b?
20
Suppose s = -2*d - 4 + 5, 3*s - 3 = 0. Suppose y + 137 = 3*n, -5*y - 5 + 25 = d. Calculate the highest common divisor of n and 141.
47
Let w be 392/10*210/84. What is the greatest common factor of 1498 and w?
14
Suppose 5*q = -14*o + 15*o - 5306, -3*q + 5282 = o. Suppose -7*g = -o + 825. What is the greatest common divisor of 116 and g?
58
Let f = 152 + 227. Let i = 610 - f. What is the highest common factor of i and 42?
21
Let h = 2263 - 2042. Let n(t) = -t**2 - 10*t - 8. Let l be n(-7). Calculate the highest common divisor of h and l.
13
Suppose -7*r = 106 - 1. Let v be (252/r)/((-2)/10). Suppose 12 = b - 0. What is the highest common divisor of b and v?
12
Let k(n) = 226*n + 6. Let l be k(5). Let w = 767 - l. Let a = -264 - w. Calculate the greatest common divisor of 21 and a.
21
Let r(c) = -8*c - 573. Let j be r(-76). What is the highest common divisor of j and 112?
7
Let d(l) be the first derivative of l**3 + l**2/2 + 12*l - 4. Let i be d(9). What is the highest common divisor of i and 198?
66
Let b(q) = -q**3 - 15*q**2 - 45*q + 5. Let s be b(-11). Let r = 771 + -491. What is the highest common divisor of s and r?
8
Let b(l) = -l**3 + 5*l**2 + 16*l + 2. Let k be b(-3). Suppose -30*d + 34*d - 520 = 0. What is the greatest common divisor of d and k?
26
Let z be (0 + (98/21 - 5))/(6/(-144)). What is the highest common factor of 644 and z?
4
Let q be (-1)/(1*(-1)/45). Suppose 4*z = 27 + q. Let u = 86 + -32. What is the greatest common factor of u and z?
18
Let i(f) = 31*f**2 + 60*f - 14. Let x be i(-10). What is the greatest common divisor of x and 22?
22
Let g be ((-3)/(-9))/((-1)/(-33)). Let k = g - 6. Let y = -1886 + 1891. What is the greatest common factor of y and k?
5
Suppose 9*r - 282 = 258. Calculate the greatest common factor of r and 64.
4
Let s(c) = 10*c**2 + 78*c + 107. Let o be s(-10). Calculate the highest common factor of 872 and o.
109
Suppose 14*k = 17*k - 12. Suppose -4*i + r = 59, -k*i - r - 62 = 7. Let j be i/72 - 2596/(-18). Calculate the greatest common divisor of j and 16.
16
Suppose -16*u + 6 = -122. Let a be (8/(-6) + 1)/(u/(-528)). What is the greatest common factor of a and 242?
22
Let y(p) = 16*p**3 - 5*p**2 + 5*p + 4. Let k be y(2). Suppose -138 = -2*v - 3*u, 0*v + u + k = 2*v. Calculate the highest common factor of 9 and v.
9
Let f(w) = 2*w**2 + 25*w + 151. Let h be f(-9). Let k(y) = 8*y**3 + 4. Let j be k(3). Calculate the greatest common divisor of h and j.
44
Let k be ((-3)/9)/(1/(-9)). Suppose 5*o - 4*v = -114, 2 = k*v - v. Let m = o + 55. Calculate the greatest common factor of 11 and m.
11
Suppose 0 = 8*z + 10 + 62. Let r be (-16)/z + 12/54. Calculate the highest common factor of r and 58.
2
Let p = 4006 - 2759. What is the highest common divisor of p and 29?
29
Let q(k) = 3*k**2 + 18*k + 9. Let s be q(-10). Let p = -109 + s. What is the highest common divisor of 100 and p?
20
Suppose -331 = -4*d - 33*h + 32*h, 2*d - 2*h = 148. Calculate the greatest common factor of 4779 and d.
81
Let z = -4080 - -4134. What is the greatest common factor of 1746 and z?
18
Suppose 2*v - 3 = 3, -4*q + 2*v = -9786. What is the greatest common divisor of 132 and q?
12
Let y(p) = 11*p**2 - 13*p - 4. Let h be y(2). Suppose -532 = -h*x + 7*x. Calculate the greatest common divisor of x and 19.
19
Suppose 5*a + 0*a - 45 = 0. Let c = a + 11. Let l = 1058 + -918. What is the greatest common factor of l and c?
20
Let x(h) = -24*h - 19 + 8*h**2 + 2*h**2 - 2*h**3 + h**3 + 19*h. Let a be x(7). What is the greatest common factor of a and 124?
31
Let g(k) = -35*k + 1278. Let q be g(36). What is the greatest common factor of q and 4869?
9
Suppose -3*m - 3*r = -1434, 1900 = 4*m - 0*r - 2*r. Suppose 152*i + 5274 = 593*i - 7074. Calculate the highest common factor of i and m.
28
Let l(z) = z**2 - 2*z. Let g be l(6). Suppose -k - 144 = -7*k. Calculate the greatest common factor of k and g.
24
Suppose h - 22 = -27*q + 26*q, 4*h - 64 = -3*q. Calculate the greatest common factor of 348 and q.
12
Let g be 1/((2/(-4))/1) - (51 - 976). What is the highest common divisor of g and 1278?
71
Let t = 1567 + 164. Let d = t - 795. What is the highest common factor of 48 and d?
24
Let b be -2*(8 - -41 - 7)/(-2). What is the greatest common factor of b and 1554?
42
Let r be (-2)/(-5) + (224/40 - -5). Let u = -591 + 910. What is the greatest common divisor of r and u?
11
Suppose 15 - 5 = 5*y. Suppose -h + y = 3. Let v be 190 + (h - 1 - 1). Calculate the highest common divisor of v and 17.
17
Let y be (-3)/(-5) + 0 + (-1932)/(-30). Suppose y*w - 52*w = 2236. Calculate the greatest common factor of w and 129.
43
Let c(b) = 2*b - 35. Suppose 0*a = -9*a + 54. Suppose -a*h + 126 = h. Let d be c(h). Calculate the greatest common factor of d and 3.
1
Suppose 52*b - 596 = 50*b + 4*l, -b + 325 = -5*l. Calculate the highest common divisor of b and 3880.
40
Suppose -4*v - 4*v = 35*v - 13072. What is the greatest common factor of v and 496?
16
Let c be (4/(-20) - 151/(-5)) + 0. Let a = c + 20. Let q = 9 + 1. What is the highest common divisor of a and q?
10
Let r(v) = 9*v**2 - 9*v - 1 + 14 - 4*v**2. Let x be r(3). Suppose 1395 = 5*y - 0*y. Calculate the highest common factor of y and x.
31
Let k be (-8*1)/((-1920)/496800). Calculate the highest common factor of 2250 and k.
90
Suppose -58*a = -7*a - 4*a - 2585. What is the greatest common divisor of 6105 and a?
55
Suppose -756 = -26*n - 2*n. Suppose n*t - 261 = 24*t. What is the highest common divisor of 348 and t?
87
Let z be (16/(-36))/((-22)/6138). What is the highest common factor of 1767 and z?
31
Let t = 611 - 191. Let b = t + -283. Suppose b + 88 = 3*m. Calculate the greatest common divisor of m and 15.
15
Let x be ((-82710)/24)/((57/8)/(-19)). What is the highest common factor of x and 10?
10
Suppose -5*z + 327 = 2*q, 5*z - 817 = -4*q - 168. Let o be -9 + (-3 - -2)*2 + (156 - 138). Calculate the greatest common factor of q and o.
7
Let y = 65 + -61. Let x be (-4)/(-16) + 47/y. Suppose 6*j + 176 = 17*j. Calculate the greatest common divisor of j and x.
4
Let i = 123 + -78. Suppose i + 255 = 3*r. Let y = 17866 - 17846. Calculate the highest common factor of y and r.
20
Let h(j) = -j**3 - 13*j**2 - 10*j + 27. Let z be h(-12). Let v be (16/(-12))/(z/(-108)). What is the highest common divisor of 3 and v?
3
Suppose -2*f - v + 202 = 0, -7*v + 154 - 423 = -3*f. What is the highest common factor of f and 5379?
33
Suppose 3*u + 0 + 9 = 0. Let m be -1 - (-2 + 17)/u. Suppose -m*y + 1 = -147. What is the greatest common divisor of 37 and y?
37
Let r be 4 - (-